{"id":854,"date":"2017-10-11T19:49:06","date_gmt":"2017-10-11T19:49:06","guid":{"rendered":"https:\/\/apart-peter.at\/?page_id=854"},"modified":"2025-08-11T11:55:54","modified_gmt":"2025-08-11T11:55:54","slug":"site-notice","status":"publish","type":"page","link":"https:\/\/apart-peter.at\/en\/information\/site-notice\/","title":{"rendered":"Site notice"},"content":{"rendered":"\n<style type=\"text\/css\" data-created_by=\"avia_inline_auto\" id=\"style-css-av-1yl98-b9f44768676f007458421fb99afa8a7e\">\n.flex_column.av-1yl98-b9f44768676f007458421fb99afa8a7e{\n-webkit-border-radius:0px 0px 0px 0px;\n-moz-border-radius:0px 0px 0px 0px;\nborder-radius:0px 0px 0px 0px;\npadding:0px 0px 0px 0px;\n}\n<\/style>\n<div class='flex_column av-1yl98-b9f44768676f007458421fb99afa8a7e av_one_full  avia-builder-el-0  avia-builder-el-no-sibling  first flex_column_div av-zero-column-padding '     ><p>\n<style type=\"text\/css\" data-created_by=\"avia_inline_auto\" id=\"style-css-av-7vy3y-aebe445ff06274b2cdca111ce2e12d79\">\n#top .av-special-heading.av-7vy3y-aebe445ff06274b2cdca111ce2e12d79{\npadding-bottom:10px;\n}\nbody .av-special-heading.av-7vy3y-aebe445ff06274b2cdca111ce2e12d79 .av-special-heading-tag .heading-char{\nfont-size:25px;\n}\n.av-special-heading.av-7vy3y-aebe445ff06274b2cdca111ce2e12d79 .av-subheading{\nfont-size:15px;\n}\n<\/style>\n<div  class='av-special-heading av-7vy3y-aebe445ff06274b2cdca111ce2e12d79 av-special-heading-h3 blockquote modern-quote  avia-builder-el-1  el_before_av_textblock  avia-builder-el-first '><h3 class='av-special-heading-tag'  itemprop=\"headline\"  >Site notice <span class='special_amp'>&amp;<\/span> disclosure<\/h3><div class=\"special-heading-border\"><div class=\"special-heading-inner-border\"><\/div><\/div><\/div><br \/>\n<section  class='av_textblock_section av-8sqd8-b0c3d4d5bca9958d32e8eff0861a12e5'  itemscope=\"itemscope\" itemtype=\"https:\/\/schema.org\/CreativeWork\" ><div class='avia_textblock'  itemprop=\"text\" ><div class=\"flex_column av_one_full flex_column_div first avia-builder-el-0 avia-builder-el-no-sibling \">\n<section class=\"av_textblock_section \">\n<div class=\"avia_textblock \">\n<div class=\"wpb_wrapper\">\n<p><strong>Owner &amp; operator of the website:<\/strong><\/p>\n<p>Apart Peter<span class=\"abstand\"><br \/>\n<\/span>Family Zangerle<span class=\"abstand\"><br \/>\n<\/span>Wiese 55<span class=\"abstand\"><br \/>\n<\/span>6555 Kappl<span class=\"abstand\"> | Tirol<\/span><\/p>\n<div class=\"textwidget\">\n<p>T: +43 (0) 5445 6720<span class=\"abstand\"><br \/>\n<\/span>F: +43 (0) 5445 6720<span class=\"abstand\"><br \/>\n<\/span><a title=\"info@apart-peter.com\" href=\"mailto:info@apart-peter.com\" target=\"_blank\" rel=\"noopener\">M: info@apart-peter.com<\/a><\/p>\n<p><strong>Company name:<\/strong><\/p>\n<p>Apart Peter<\/p>\n<p><strong>Managerial responsibility: <\/strong><\/p>\n<p>Lukas Zangerle<\/p>\n<p><strong>Line of business:<\/strong><\/p>\n<p>Apartment Renting Farm<\/p>\n<p><strong>Legal form:<\/strong><\/p>\n<p>Einzelunternehmer<\/p>\n<p><strong>Place for the trade licence:<\/strong><\/p>\n<p>6555 Kappl<\/p>\n<p><strong>Shareholders and shareholding ratio:<\/strong><\/p>\n<p>Lukas Zangerle, Individual company<\/p>\n<p><strong>VAT Reg. No.:<\/strong><\/p>\n<p>ATU 81986503<\/p>\n<p><strong>Design, programming &amp; hosting:<\/strong><\/p>\n<p>Huber Web Media<br \/>\nPhilipp Maria Huber<br \/>\nMils Au 71<br \/>\n6493 Mils bei Imst<br \/>\nTyrol \u2013 Austria<\/p>\n<p>Tel.: 0043 650 4488663<br \/>\nMail: <a href=\"mailto:info@huberwebmedia.at\">info@huberwebmedia.at<\/a><br \/>\nWeb: <a href=\"http:\/\/www.huberwebmedia.at\">www.huberwebmedia.at<\/a><br \/>\nUID: ATU 63430415<\/p>\n<p><strong>Liability:<\/strong><\/p>\n<p>All contents have been examined carefully, however no guarantee can be made regarding accuracy, completeness, and topicality. Liabilities caused by the use or misuse of the information offered, or by the use of incorrect and incomplete information, are strictly excluded.<\/p>\n<p><strong>Liability for links:<\/strong><\/p>\n<p>Our website contains links to external, third-party websites for which our organisation is not responsible. We have no influence on the content of these websites, but the operating companies of these sites are exclusively responsible. No unlawful contents were in evidence at the time the links were created.<\/p>\n<p><strong>Image rights:<\/strong><\/p>\n<p>The images which appear on this website are protected by copyright and are non-binding. \u00a9 Apart Peter (Fam. Zangerle) \u2013 <a href=\"http:\/\/bause.at\/\">bause.at<\/a> f\u00fcr Bergbahnen Kappl\u00a0 &#8211; Huber Web Media\/Philipp \u2013 Studio 22, Tourismusverband Paznaun \u2013 Ischgl, Silvrettaseilbahn AG, Bergbahnen Silvretta Galt\u00fcr, Bergbahnen Kappl, Bergbahnen See, Gemeinde Galt\u00fcr, Gemeinde Ischgl, Gemeinde Kappl, Gemeinde See &#8211; all rights reserved.<strong>Copyright:<\/strong><\/p>\n<p>All texts, graphics and images are protected by copyright and may not be used unless prior permission has been obtained from the owner.<\/p>\n<p><strong>Purpose of the website:<\/strong><\/p>\n<p>This website serves to inform the user about goods and services of our organisation.<\/p>\n<\/div>\n<\/div>\n<\/div>\n<\/section>\n<\/div>\n<\/div><\/section><\/p><\/div>\n","protected":false},"excerpt":{"rendered":"","protected":false},"author":1,"featured_media":0,"parent":848,"menu_order":2,"comment_status":"closed","ping_status":"closed","template":"","meta":{"footnotes":""},"class_list":["post-854","page","type-page","status-publish","hentry"],"yoast_head":"<!-- This site is optimized with the Yoast SEO plugin v27.5 - https:\/\/yoast.com\/product\/yoast-seo-wordpress\/ -->\n<title>Willkommen bei Apart Peter | Sch\u00f6ne Appartements in Kappl\/Paznaun!<\/title>\n<meta name=\"description\" content=\"Das erste Appartement ist 90 m\u00b2 gro\u00df und bietet Platz f\u00fcr 6 bis 8 G\u00e4ste und die zweite Ferienwohnung ist 80 m\u00b2 gro\u00df und f\u00fcr 3 bis 5 Personen geeignet.\" \/>\n<meta name=\"robots\" content=\"index, follow, max-snippet:-1, max-image-preview:large, max-video-preview:-1\" \/>\n<link rel=\"canonical\" href=\"https:\/\/apart-peter.at\/en\/information\/site-notice\/\" \/>\n<meta property=\"og:locale\" content=\"en_US\" \/>\n<meta property=\"og:type\" content=\"article\" \/>\n<meta property=\"og:title\" content=\"Willkommen bei Apart Peter | Sch\u00f6ne Appartements in Kappl\/Paznaun!\" \/>\n<meta property=\"og:description\" content=\"Das erste Appartement ist 90 m\u00b2 gro\u00df und bietet Platz f\u00fcr 6 bis 8 G\u00e4ste und die zweite Ferienwohnung ist 80 m\u00b2 gro\u00df und f\u00fcr 3 bis 5 Personen geeignet.\" \/>\n<meta property=\"og:url\" content=\"https:\/\/apart-peter.at\/en\/information\/site-notice\/\" \/>\n<meta property=\"og:site_name\" content=\"Apart Peter - Kappl\" \/>\n<meta property=\"article:modified_time\" content=\"2025-08-11T11:55:54+00:00\" \/>\n<meta name=\"twitter:card\" content=\"summary_large_image\" \/>\n<meta name=\"twitter:label1\" content=\"Est. reading time\" \/>\n\t<meta name=\"twitter:data1\" content=\"2 minutes\" \/>\n<script type=\"application\/ld+json\" class=\"yoast-schema-graph\">{\"@context\":\"https:\\\/\\\/schema.org\",\"@graph\":[{\"@type\":\"WebPage\",\"@id\":\"https:\\\/\\\/apart-peter.at\\\/en\\\/information\\\/site-notice\\\/\",\"url\":\"https:\\\/\\\/apart-peter.at\\\/en\\\/information\\\/site-notice\\\/\",\"name\":\"Willkommen bei Apart Peter | Sch\u00f6ne Appartements in Kappl\\\/Paznaun!\",\"isPartOf\":{\"@id\":\"https:\\\/\\\/apart-peter.at\\\/#website\"},\"datePublished\":\"2017-10-11T19:49:06+00:00\",\"dateModified\":\"2025-08-11T11:55:54+00:00\",\"description\":\"Das erste Appartement ist 90 m\u00b2 gro\u00df und bietet Platz f\u00fcr 6 bis 8 G\u00e4ste und die zweite Ferienwohnung ist 80 m\u00b2 gro\u00df und f\u00fcr 3 bis 5 Personen geeignet.\",\"breadcrumb\":{\"@id\":\"https:\\\/\\\/apart-peter.at\\\/en\\\/information\\\/site-notice\\\/#breadcrumb\"},\"inLanguage\":\"en-US\",\"potentialAction\":[{\"@type\":\"ReadAction\",\"target\":[\"https:\\\/\\\/apart-peter.at\\\/en\\\/information\\\/site-notice\\\/\"]}]},{\"@type\":\"BreadcrumbList\",\"@id\":\"https:\\\/\\\/apart-peter.at\\\/en\\\/information\\\/site-notice\\\/#breadcrumb\",\"itemListElement\":[{\"@type\":\"ListItem\",\"position\":1,\"name\":\"Startseite\",\"item\":\"https:\\\/\\\/apart-peter.at\\\/en\\\/\"},{\"@type\":\"ListItem\",\"position\":2,\"name\":\"Information\",\"item\":\"https:\\\/\\\/apart-peter.at\\\/en\\\/information\\\/\"},{\"@type\":\"ListItem\",\"position\":3,\"name\":\"Site notice\"}]},{\"@type\":\"WebSite\",\"@id\":\"https:\\\/\\\/apart-peter.at\\\/#website\",\"url\":\"https:\\\/\\\/apart-peter.at\\\/\",\"name\":\"Apart Peter - Kappl\",\"description\":\"Appartements in Paznauntal\",\"potentialAction\":[{\"@type\":\"SearchAction\",\"target\":{\"@type\":\"EntryPoint\",\"urlTemplate\":\"https:\\\/\\\/apart-peter.at\\\/?s={search_term_string}\"},\"query-input\":{\"@type\":\"PropertyValueSpecification\",\"valueRequired\":true,\"valueName\":\"search_term_string\"}}],\"inLanguage\":\"en-US\"}]}<\/script>\n<!-- \/ Yoast SEO plugin. -->","yoast_head_json":{"title":"Willkommen bei Apart Peter | Sch\u00f6ne Appartements in Kappl\/Paznaun!","description":"Das erste Appartement ist 90 m\u00b2 gro\u00df und bietet Platz f\u00fcr 6 bis 8 G\u00e4ste und die zweite Ferienwohnung ist 80 m\u00b2 gro\u00df und f\u00fcr 3 bis 5 Personen geeignet.","robots":{"index":"index","follow":"follow","max-snippet":"max-snippet:-1","max-image-preview":"max-image-preview:large","max-video-preview":"max-video-preview:-1"},"canonical":"https:\/\/apart-peter.at\/en\/information\/site-notice\/","og_locale":"en_US","og_type":"article","og_title":"Willkommen bei Apart Peter | Sch\u00f6ne Appartements in Kappl\/Paznaun!","og_description":"Das erste Appartement ist 90 m\u00b2 gro\u00df und bietet Platz f\u00fcr 6 bis 8 G\u00e4ste und die zweite Ferienwohnung ist 80 m\u00b2 gro\u00df und f\u00fcr 3 bis 5 Personen geeignet.","og_url":"https:\/\/apart-peter.at\/en\/information\/site-notice\/","og_site_name":"Apart Peter - Kappl","article_modified_time":"2025-08-11T11:55:54+00:00","twitter_card":"summary_large_image","twitter_misc":{"Est. reading time":"2 minutes"},"schema":{"@context":"https:\/\/schema.org","@graph":[{"@type":"WebPage","@id":"https:\/\/apart-peter.at\/en\/information\/site-notice\/","url":"https:\/\/apart-peter.at\/en\/information\/site-notice\/","name":"Willkommen bei Apart Peter | Sch\u00f6ne Appartements in Kappl\/Paznaun!","isPartOf":{"@id":"https:\/\/apart-peter.at\/#website"},"datePublished":"2017-10-11T19:49:06+00:00","dateModified":"2025-08-11T11:55:54+00:00","description":"Das erste Appartement ist 90 m\u00b2 gro\u00df und bietet Platz f\u00fcr 6 bis 8 G\u00e4ste und die zweite Ferienwohnung ist 80 m\u00b2 gro\u00df und f\u00fcr 3 bis 5 Personen geeignet.","breadcrumb":{"@id":"https:\/\/apart-peter.at\/en\/information\/site-notice\/#breadcrumb"},"inLanguage":"en-US","potentialAction":[{"@type":"ReadAction","target":["https:\/\/apart-peter.at\/en\/information\/site-notice\/"]}]},{"@type":"BreadcrumbList","@id":"https:\/\/apart-peter.at\/en\/information\/site-notice\/#breadcrumb","itemListElement":[{"@type":"ListItem","position":1,"name":"Startseite","item":"https:\/\/apart-peter.at\/en\/"},{"@type":"ListItem","position":2,"name":"Information","item":"https:\/\/apart-peter.at\/en\/information\/"},{"@type":"ListItem","position":3,"name":"Site notice"}]},{"@type":"WebSite","@id":"https:\/\/apart-peter.at\/#website","url":"https:\/\/apart-peter.at\/","name":"Apart Peter - Kappl","description":"Appartements in Paznauntal","potentialAction":[{"@type":"SearchAction","target":{"@type":"EntryPoint","urlTemplate":"https:\/\/apart-peter.at\/?s={search_term_string}"},"query-input":{"@type":"PropertyValueSpecification","valueRequired":true,"valueName":"search_term_string"}}],"inLanguage":"en-US"}]}},"_links":{"self":[{"href":"https:\/\/apart-peter.at\/en\/wp-json\/wp\/v2\/pages\/854","targetHints":{"allow":["GET"]}}],"collection":[{"href":"https:\/\/apart-peter.at\/en\/wp-json\/wp\/v2\/pages"}],"about":[{"href":"https:\/\/apart-peter.at\/en\/wp-json\/wp\/v2\/types\/page"}],"author":[{"embeddable":true,"href":"https:\/\/apart-peter.at\/en\/wp-json\/wp\/v2\/users\/1"}],"replies":[{"embeddable":true,"href":"https:\/\/apart-peter.at\/en\/wp-json\/wp\/v2\/comments?post=854"}],"version-history":[{"count":5,"href":"https:\/\/apart-peter.at\/en\/wp-json\/wp\/v2\/pages\/854\/revisions"}],"predecessor-version":[{"id":1291,"href":"https:\/\/apart-peter.at\/en\/wp-json\/wp\/v2\/pages\/854\/revisions\/1291"}],"up":[{"embeddable":true,"href":"https:\/\/apart-peter.at\/en\/wp-json\/wp\/v2\/pages\/848"}],"wp:attachment":[{"href":"https:\/\/apart-peter.at\/en\/wp-json\/wp\/v2\/media?parent=854"}],"curies":[{"name":"wp","href":"https:\/\/api.w.org\/{rel}","templated":true}]}}

<style type="text/css" data-created_by="avia_inline_auto" id="style-css-av-1yl98-b9f44768676f007458421fb99afa8a7e">
.flex_column.av-1yl98-b9f44768676f007458421fb99afa8a7e{
-webkit-border-radius:0px 0px 0px 0px;
-moz-border-radius:0px 0px 0px 0px;
border-radius:0px 0px 0px 0px;
padding:0px 0px 0px 0px;
}
</style>
<div class='flex_column av-1yl98-b9f44768676f007458421fb99afa8a7e av_one_full  avia-builder-el-0  avia-builder-el-no-sibling  first flex_column_div av-zero-column-padding '     ><p>
<style type="text/css" data-created_by="avia_inline_auto" id="style-css-av-7vy3y-aebe445ff06274b2cdca111ce2e12d79">
#top .av-special-heading.av-7vy3y-aebe445ff06274b2cdca111ce2e12d79{
padding-bottom:10px;
}
body .av-special-heading.av-7vy3y-aebe445ff06274b2cdca111ce2e12d79 .av-special-heading-tag .heading-char{
font-size:25px;
}
.av-special-heading.av-7vy3y-aebe445ff06274b2cdca111ce2e12d79 .av-subheading{
font-size:15px;
}
</style>
<div  class='av-special-heading av-7vy3y-aebe445ff06274b2cdca111ce2e12d79 av-special-heading-h3 blockquote modern-quote  avia-builder-el-1  el_before_av_textblock  avia-builder-el-first '><h3 class='av-special-heading-tag'  itemprop="headline"  >Site notice <span class='special_amp'>&amp;</span> disclosure</h3><div class="special-heading-border"><div class="special-heading-inner-border"></div></div></div><br />
<section  class='av_textblock_section av-8sqd8-b0c3d4d5bca9958d32e8eff0861a12e5'  itemscope="itemscope" itemtype="https://schema.org/CreativeWork" ><div class='avia_textblock'  itemprop="text" ><div class="flex_column av_one_full flex_column_div first avia-builder-el-0 avia-builder-el-no-sibling ">
<section class="av_textblock_section ">
<div class="avia_textblock ">
<div class="wpb_wrapper">
<p><strong>Owner &amp; operator of the website:</strong></p>
<p>Apart Peter<span class="abstand"><br />
</span>Family Zangerle<span class="abstand"><br />
</span>Wiese 55<span class="abstand"><br />
</span>6555 Kappl<span class="abstand"> | Tirol</span></p>
<div class="textwidget">
<p>T: +43 (0) 5445 6720<span class="abstand"><br />
</span>F: +43 (0) 5445 6720<span class="abstand"><br />
</span><a title="info@apart-peter.com" href="mailto:info@apart-peter.com" target="_blank" rel="noopener">M: info@apart-peter.com</a></p>
<p><strong>Company name:</strong></p>
<p>Apart Peter</p>
<p><strong>Managerial responsibility: </strong></p>
<p>Lukas Zangerle</p>
<p><strong>Line of business:</strong></p>
<p>Apartment Renting Farm</p>
<p><strong>Legal form:</strong></p>
<p>Einzelunternehmer</p>
<p><strong>Place for the trade licence:</strong></p>
<p>6555 Kappl</p>
<p><strong>Shareholders and shareholding ratio:</strong></p>
<p>Lukas Zangerle, Individual company</p>
<p><strong>VAT Reg. No.:</strong></p>
<p>ATU 81986503</p>
<p><strong>Design, programming &amp; hosting:</strong></p>
<p>Huber Web Media<br />
Philipp Maria Huber<br />
Mils Au 71<br />
6493 Mils bei Imst<br />
Tyrol – Austria</p>
<p>Tel.: 0043 650 4488663<br />
Mail: <a href="mailto:info@huberwebmedia.at">info@huberwebmedia.at</a><br />
Web: <a href="http://www.huberwebmedia.at">www.huberwebmedia.at</a><br />
UID: ATU 63430415</p>
<p><strong>Liability:</strong></p>
<p>All contents have been examined carefully, however no guarantee can be made regarding accuracy, completeness, and topicality. Liabilities caused by the use or misuse of the information offered, or by the use of incorrect and incomplete information, are strictly excluded.</p>
<p><strong>Liability for links:</strong></p>
<p>Our website contains links to external, third-party websites for which our organisation is not responsible. We have no influence on the content of these websites, but the operating companies of these sites are exclusively responsible. No unlawful contents were in evidence at the time the links were created.</p>
<p><strong>Image rights:</strong></p>
<p>The images which appear on this website are protected by copyright and are non-binding. © Apart Peter (Fam. Zangerle) – <a href="http://bause.at/">bause.at</a> für Bergbahnen Kappl  &#8211; Huber Web Media/Philipp – Studio 22, Tourismusverband Paznaun – Ischgl, Silvrettaseilbahn AG, Bergbahnen Silvretta Galtür, Bergbahnen Kappl, Bergbahnen See, Gemeinde Galtür, Gemeinde Ischgl, Gemeinde Kappl, Gemeinde See &#8211; all rights reserved.<strong>Copyright:</strong></p>
<p>All texts, graphics and images are protected by copyright and may not be used unless prior permission has been obtained from the owner.</p>
<p><strong>Purpose of the website:</strong></p>
<p>This website serves to inform the user about goods and services of our organisation.</p>
</div>
</div>
</div>
</section>
</div>
</div></section></p></div>

<!-- This site is optimized with the Yoast SEO plugin v27.5 - https://yoast.com/product/yoast-seo-wordpress/ -->
<title>Willkommen bei Apart Peter | Schöne Appartements in Kappl/Paznaun!</title>
<meta name="description" content="Das erste Appartement ist 90 m² groß und bietet Platz für 6 bis 8 Gäste und die zweite Ferienwohnung ist 80 m² groß und für 3 bis 5 Personen geeignet." />
<meta name="robots" content="index, follow, max-snippet:-1, max-image-preview:large, max-video-preview:-1" />
<link rel="canonical" href="https://apart-peter.at/en/information/site-notice/" />
<meta property="og:locale" content="en_US" />
<meta property="og:type" content="article" />
<meta property="og:title" content="Willkommen bei Apart Peter | Schöne Appartements in Kappl/Paznaun!" />
<meta property="og:description" content="Das erste Appartement ist 90 m² groß und bietet Platz für 6 bis 8 Gäste und die zweite Ferienwohnung ist 80 m² groß und für 3 bis 5 Personen geeignet." />
<meta property="og:url" content="https://apart-peter.at/en/information/site-notice/" />
<meta property="og:site_name" content="Apart Peter - Kappl" />
<meta property="article:modified_time" content="2025-08-11T11:55:54+00:00" />
<meta name="twitter:card" content="summary_large_image" />
<meta name="twitter:label1" content="Est. reading time" />
	<meta name="twitter:data1" content="2 minutes" />
<script type="application/ld+json" class="yoast-schema-graph">{"@context":"https:\/\/schema.org","@graph":[{"@type":"WebPage","@id":"https:\/\/apart-peter.at\/en\/information\/site-notice\/","url":"https:\/\/apart-peter.at\/en\/information\/site-notice\/","name":"Willkommen bei Apart Peter | Schöne Appartements in Kappl\/Paznaun!","isPartOf":{"@id":"https:\/\/apart-peter.at\/#website"},"datePublished":"2017-10-11T19:49:06+00:00","dateModified":"2025-08-11T11:55:54+00:00","description":"Das erste Appartement ist 90 m² groß und bietet Platz für 6 bis 8 Gäste und die zweite Ferienwohnung ist 80 m² groß und für 3 bis 5 Personen geeignet.","breadcrumb":{"@id":"https:\/\/apart-peter.at\/en\/information\/site-notice\/#breadcrumb"},"inLanguage":"en-US","potentialAction":[{"@type":"ReadAction","target":["https:\/\/apart-peter.at\/en\/information\/site-notice\/"]}]},{"@type":"BreadcrumbList","@id":"https:\/\/apart-peter.at\/en\/information\/site-notice\/#breadcrumb","itemListElement":[{"@type":"ListItem","position":1,"name":"Startseite","item":"https:\/\/apart-peter.at\/en\/"},{"@type":"ListItem","position":2,"name":"Information","item":"https:\/\/apart-peter.at\/en\/information\/"},{"@type":"ListItem","position":3,"name":"Site notice"}]},{"@type":"WebSite","@id":"https:\/\/apart-peter.at\/#website","url":"https:\/\/apart-peter.at\/","name":"Apart Peter - Kappl","description":"Appartements in Paznauntal","potentialAction":[{"@type":"SearchAction","target":{"@type":"EntryPoint","urlTemplate":"https:\/\/apart-peter.at\/?s={search_term_string}"},"query-input":{"@type":"PropertyValueSpecification","valueRequired":true,"valueName":"search_term_string"}}],"inLanguage":"en-US"}]}</script>
<!-- / Yoast SEO plugin. -->

Willkommen bei Apart Peter | Schöne Appartements in Kappl/Paznaun!

Das erste Appartement ist 90 m² groß und bietet Platz für 6 bis 8 Gäste und die zweite Ferienwohnung ist 80 m² groß und für 3 bis 5 Personen geeignet.
